are the prime factors of 339288316?
2, 257, 330047
What are the prime factors of 337860390?
2, 3, 5, 7, 229837
List the prime factors of 277502675.
5, 373, 29759
List the prime factors of 253119002.
2, 23, 79, 69653
List the prime factors of 26372723.
13, 31, 2111
What are the prime factors of 285238395?
3, 5, 13, 162529
List the prime factors of 501390374.
2, 250695187
What are the prime factors of 375941025?
3, 5, 239, 6991
What are the prime factors of 3151874995?
5, 6869, 91771
What are the prime factors of 2629287341?
1223, 2149867
What are the prime factors of 37143330?
2, 3, 5, 7, 83, 2131
What are the prime factors of 541399649?
7, 77342807
What are the prime factors of 79870635?
3, 5, 13, 136531
List the prime factors of 1606114466.
2, 11, 3163, 23081
What are the prime factors of 226635185?
5, 7, 6475291
What are the prime factors of 357861389?
79, 83, 54577
List the prime factors of 7496209256.
2, 179, 941, 5563
List the prime factors of 7443494.
2, 367, 10141
List the prime factors of 10820670.
2, 3, 5, 7, 17, 433
What are the prime factors of 238368719?
29, 53, 155087
List the prime factors of 761624881.
71, 10727111
List the prime factors of 191714431.
191714431
What are the prime factors of 2425673965?
5, 11, 13, 127, 26713
List the prime factors of 46099491.
3, 19, 211, 3833
What are the prime factors of 2011575418?
2, 9013, 111593
What are the prime factors of 7180517?
199, 36083
List the prime factors of 66350202.
2, 3, 29, 381323
List the prime factors of 13002657.
3, 277, 15647
What are the prime factors of 504175349?
1481, 340429
List the prime factors of 221306041.
11, 257, 78283
What are the prime factors of 413915200?
2, 5, 258697
List the prime factors of 21257442.
2, 3, 47, 25127
What are the prime factors of 3902867?
53, 211, 349
List the prime factors of 97479588.
2, 3, 139, 58441
What are the prime factors of 4131137930?
2, 5, 173, 2387941
What are the prime factors of 17016868?
2, 11, 386747
List the prime factors of 417103673.
7, 6379, 9341
What are the prime factors of 1032174790?
2, 5, 311, 331889
List the prime factors of 2501774706.
2, 3, 17, 24527203
List the prime factors of 150777384.
2, 3, 6282391
List the prime factors of 102525505.
5, 20505101
List the prime factors of 59211802.
2, 13, 2277377
List the prime factors of 2340339385.
5, 47, 239, 41669
What are the prime factors of 73031110?
2, 5, 7303111
What are the prime factors of 296444428?
2, 7, 727, 14563
What are the prime factors of 4743300855?
3, 5, 31, 743, 13729
What are the prime factors of 381424928?
2, 47, 253607
What are the prime factors of 360954581?
13, 2377, 11681
List the prime factors of 4017306482.
2, 7, 17, 47, 359137
What are the prime factors of 1426844916?
2, 3, 7, 269623
List the prime factors of 1342517826.
2, 3, 13, 17211767
What are the prime factors of 149289981?
3, 277, 179651
List the prime factors of 44590808.
2, 53, 105167
What are the prime factors of 1650470976?
2, 3, 7, 11, 17, 199
What are the prime factors of 59089654?
2, 13, 17, 43, 3109
What are the prime factors of 373321199?
127, 271, 10847
What are the prime factors of 7121812?
2, 23, 199, 389
What are the prime factors of 228315970?
2, 5, 19, 131, 9173
What are the prime factors of 2347359213?
3, 197, 3971843
What are the prime factors of 2739719257?
11, 249065387
What are the prime factors of 92160936?
2, 3, 7, 60953
List the prime factors of 351233665.
5, 70246733
What are the prime factors of 132543427?
29, 4570463
List the prime factors of 24815123.
37, 617, 1087
List the prime factors of 492172100.
2, 5, 7, 17, 59, 701
List the prime factors of 1199299560.
2, 3, 5, 9994163
List the prime factors of 90143005.
5, 101, 178501
List the prime factors of 174662153.
31, 151, 37313
List the prime factors of 14242017.
3, 4747339
List the prime factors of 2540066144.
2, 7, 11, 79, 13049
What are the prime factors of 2624977012?
2, 7, 93749179
What are the prime factors of 589863480?
2, 3, 5, 29, 169501
List the prime factors of 69197790.
2, 3, 5, 61, 37813
List the prime factors of 335280949.
61, 5496409
List the prime factors of 916789531.
7, 83, 701, 2251
What are the prime factors of 1411016349?
3, 37, 12711859
List the prime factors of 344948265.
3, 5, 7665517
What are the prime factors of 1341801741?
3, 7, 9127903
What are the prime factors of 203648017?
79, 101, 25523
What are the prime factors of 718599898?
2, 2663, 134923
List the prime factors of 2504718327.
3, 59, 239, 59209
List the prime factors of 67187176.
2, 7, 199, 6029
What are the prime factors of 770112839?
571, 907, 1487
What are the prime factors of 93303660?
2, 3, 5, 1555061
What are the prime factors of 52800846?
2, 3, 7, 1257163
List the prime factors of 59863450.
2, 5, 1197269
What are the prime factors of 32609838?
2, 3, 67, 81119
List the prime factors of 5962319.
11, 631, 859
List the prime factors of 537286738.
2, 6271, 42839
What are the prime factors of 1209351452?
2, 521, 580303
List the prime factors of 4852424054.
2, 2426212027
What are the prime factors of 10801352?
2, 23, 47, 1249
List the prime factors of 571867307.
11, 51987937
What are the prime factors of 1607884914?
2, 3, 267980819
What are the prime factors of 374227472?
2, 37, 632141
What are the prime factors of 70900279?
563, 125933
What are the prime factors of 121716018?
2, 3, 6762001
List the prime factors of 3319615254.
2, 3, 23, 1607, 14969
What are the prime factors of 390379006?
2, 195189503
List the prime factors of 13680511.
13, 41, 25667
List the prime factors of 958733211.
3, 293, 1090709
What are the prime factors of 3229081566?
2, 3, 6299, 85439
List the prime factors of 587733496.
2, 7, 47, 223303
List the prime factors of 66958149.
3, 167, 133649
What are the prime factors of 10479311?
10479311
What are the prime factors of 1323141505?
5, 7, 37804043
What are the prime factors of 255433030?
2, 5, 25543303
What are the prime factors of 37237138?
2, 23, 31, 26113
List the prime factors of 186435865.
5, 7, 11, 89, 5441
What are the prime factors of 60590318?
2, 30295159
What are the prime factors of 8213071131?
3, 912563459
What are the prime factors of 964581651?
3, 11, 9743249
List the prime factors of 106337021.
7, 109, 139367
List the prime factors of 677061760.
2, 5, 107, 9887
List the prime factors of 1359651649.
3181, 427429
What are the prime factors of 13334215?
5, 163, 16361
What are the prime factors of 1498191270?
2, 3, 5, 47, 1062547
List the prime factors of 135553065.
3, 5, 53, 167, 1021
List the prime factors of 307694753.
67, 727, 6317
What are the prime factors of 62030129?
7, 1265921
What are the prime factors of 25765307?
193, 133499
What are the prime factors of 1099877162?
2, 587, 883, 1061
List the prime factors of 684377882.
2, 342188941
What are the prime factors of 2129764538?
2, 11, 96807479
What are the prime factors of 1321641491?
1321641491
What are the prime factors of 112292385?
3, 5, 31, 241489
What are the prime factors of 61270666?
2, 23, 151, 8821
What are the prime factors of 465362027?
13, 1061, 33739
What are the prime factors of 56634980?
2, 5, 2831749
What are the prime factors of 56694575?
5, 7, 17, 19, 59
List the prime factors of 2896445701.
397, 7295833
What are the prime factors of 1717536280?
2, 5, 733, 58579
What are the prime factors of 467193673?
1051, 444523
List the prime factors of 115705535.
5, 11, 19, 263, 421
List the prime factors of 101452414.
2, 7, 47, 154183
List the prime factors of 440203597.
809, 544133
What are the prime factors of 927720856?
2, 115965107
List the prime factors of 308154046.
2, 19, 23, 352579
List the prime factors of 836466541.
59, 1249, 11351
List the prime factors of 233618260.
2, 5, 271, 43103
What are the prime factors of 174660946?
2, 109, 801197
What are the prime factors of 79004763?
3, 17, 516371
What are the prime factors of 493170277?
547, 901591
List the prime factors of 63987722.
2, 461, 69401
What are the prime factors of 494598441?
3, 97, 1699651
What are the prime factors of 1587814503?
3, 11, 41, 1173551
List the prime factors of 40290582.
2, 3, 6715097
List the prime factors of 796885054.
2, 7, 139, 409499
List the prime factors of 30670459.
991, 30949
What are the prime factors of 134900262?
2, 3, 7, 167, 2